{"id":46,"date":"2023-12-21T08:13:50","date_gmt":"2023-12-21T09:13:50","guid":{"rendered":"https:\/\/comiteassange.fr\/?page_id=46"},"modified":"2023-12-21T08:13:50","modified_gmt":"2023-12-21T09:13:50","slug":"main-page","status":"publish","type":"page","link":"https:\/\/comiteassange.fr\/index.php\/main-page\/","title":{"rendered":"L\u2019affaire Assange en bref"},"content":{"rendered":"\n<p><\/p>\n\n\n\n<p>Julian Assange est un journaliste australien, il a fond\u00e9 l<strong>\u2019<\/strong>entreprise de presse WikiLeaks en 2006, qui permet \u00e0 des lanceurs d<strong>\u2019<\/strong>alerte de transmettre des documents d<strong>\u2019<\/strong>int\u00e9r\u00eat public de fa\u00e7on anonyme. Le site s<strong>\u2019<\/strong>est fait mondialement conna\u00eetre en 2010 en publiant des documents classifi\u00e9s obtenus gr\u00e2ce \u00e0 la lanceuse d<strong>\u2019<\/strong>alerte Chelsea Manning, ex-analyste du renseignement militaire US. Ceux-ci r\u00e9v\u00e9laient notamment des crimes de guerre commis en Irak et en Afghanistan par l\u2019arm\u00e9e \u00e9tats-unienne.<\/p>\n\n\n\n<p>Pour avoir accompli ce travail journalistique, pour avoir inform\u00e9, Julian Assange a subi une pers\u00e9cution organis\u00e9e par Washington et certains de ses alli\u00e9s. Priv\u00e9 de libert\u00e9 sous une forme ou sous une autre pendant 14 ans, il fut enferm\u00e9 dans la prison de haute s\u00e9curit\u00e9 de Belmarsh \u00e0 Londres le 11 avril 2019 et y resta cinq ans, deux mois et deux semaines (1901 jours). Les \u00c9tats-Unis r\u00e9clamaient son extradition pour le traduire en justice. Il risquait jusqu<strong>\u2019<\/strong>\u00e0 175 ans de prison. Ses proches et des observateurs alertaient depuis longtemps sur la d\u00e9gradation de son \u00e9tat de sant\u00e9 physique et psychologique. <\/p>\n\n\n\n<p>La Haute Cour britannique l<strong>\u2019<\/strong>avait autoris\u00e9 le 20 mai 2024 \u00e0 pr\u00e9senter un ultime appel au Royaume-Uni. Mais le 25 juin, rebondissement inattendu, on apprend que&#8230; Julian Assange est libre ! Ceci gr\u00e2ce \u00e0 un accord de plaider-coupable conclu avec le d\u00e9partement de la Justice des \u00c9tats-Unis (pour en savoir plus, lire <a href=\"https:\/\/comiteassange.fr\/assange-est-libre\/\">notre communiqu\u00e9<\/a> et \u00e9couter <a href=\"https:\/\/www.lesmutins.org\/julian-assange-enfin-libre-le\" target=\"_blank\" rel=\"noreferrer noopener\">ce podcast<\/a>). Il a rejoint l<strong>\u2019<\/strong>Australie et ses proches le 26 juin.<\/p>\n\n\n\n<p>Le Comit\u00e9 de soutien Assange a pour vocation d<strong>\u2019<\/strong>informer et de mobiliser en France sur le cas de Julian Assange. Il ne s<strong>\u2019<\/strong>agissait pas seulement d<strong>\u2019<\/strong>alerter sur le sort d<strong>\u2019<\/strong>un prisonnier politique en Occident, de sauver un homme victime d<strong>\u2019<\/strong>une immense injustice. Les enjeux de cette affaire sont immenses. Il en va bien s\u00fbr du droit d<strong>\u2019<\/strong>informer (et donc d<strong>\u2019<\/strong>\u00eatre inform\u00e9) puisqu<strong>\u2019<\/strong>\u00e0 travers la pers\u00e9cution du fondateur de WikiLeaks, c<strong>\u2019<\/strong>est le journalisme d<strong>\u2019<\/strong>investigation que l<strong>\u2019<\/strong>on cherche \u00e0 criminaliser. Plus largement, il s<strong>\u2019<\/strong>agit d<strong>\u2019<\/strong>une attaque contre la libert\u00e9 de la presse, la libert\u00e9 d<strong>\u2019<\/strong>expression, mais aussi contre les id\u00e9aux d\u00e9mocratiques.<\/p>\n","protected":false},"excerpt":{"rendered":"<p>Julian Assange est un journaliste australien, il a fond\u00e9 l\u2019entreprise de presse WikiLeaks en 2006, qui permet \u00e0 des lanceurs d\u2019alerte de transmettre des documents d\u2019int\u00e9r\u00eat public de fa\u00e7on anonyme. [&hellip;]<\/p>\n","protected":false},"author":5,"featured_media":0,"parent":0,"menu_order":0,"comment_status":"closed","ping_status":"closed","template":"","meta":{"_EventAllDay":false,"_EventTimezone":"","_EventStartDate":"","_EventEndDate":"","_EventStartDateUTC":"","_EventEndDateUTC":"","_EventShowMap":false,"_EventShowMapLink":false,"_EventURL":"","_EventCost":"","_EventCostDescription":"","_EventCurrencySymbol":"","_EventCurrencyCode":"","_EventCurrencyPosition":"","_EventDateTimeSeparator":"","_EventTimeRangeSeparator":"","_EventOrganizerID":[],"_EventVenueID":[],"_OrganizerEmail":"","_OrganizerPhone":"","_OrganizerWebsite":"","_VenueAddress":"","_VenueCity":"","_VenueCountry":"","_VenueProvince":"","_VenueState":"","_VenueZip":"","_VenuePhone":"","_VenueURL":"","_VenueStateProvince":"","_VenueLat":"","_VenueLng":"","_VenueShowMap":false,"_VenueShowMapLink":false,"footnotes":""},"class_list":["post-46","page","type-page","status-publish","hentry"],"_links":{"self":[{"href":"https:\/\/comiteassange.fr\/index.php\/wp-json\/wp\/v2\/pages\/46","targetHints":{"allow":["GET"]}}],"collection":[{"href":"https:\/\/comiteassange.fr\/index.php\/wp-json\/wp\/v2\/pages"}],"about":[{"href":"https:\/\/comiteassange.fr\/index.php\/wp-json\/wp\/v2\/types\/page"}],"author":[{"embeddable":true,"href":"https:\/\/comiteassange.fr\/index.php\/wp-json\/wp\/v2\/users\/5"}],"replies":[{"embeddable":true,"href":"https:\/\/comiteassange.fr\/index.php\/wp-json\/wp\/v2\/comments?post=46"}],"version-history":[{"count":0,"href":"https:\/\/comiteassange.fr\/index.php\/wp-json\/wp\/v2\/pages\/46\/revisions"}],"wp:attachment":[{"href":"https:\/\/comiteassange.fr\/index.php\/wp-json\/wp\/v2\/media?parent=46"}],"curies":[{"name":"wp","href":"https:\/\/api.w.org\/{rel}","templated":true}]}}